*i = 2*g + 25*i - 16258, 0 = -2*i - 4. Suppose -11*r - 3*r = -g. List the prime factors of r.
7, 83
Let r = 18086 + -6064. List the prime factors of r.
2, 6011
Suppose 302 = 15*z - 14*z. What are the prime factors of z?
2, 151
Suppose -4*h = 3*z - 8, -2*h + 20 = -5*z - 10. Suppose 6*q - h*q - 52 = 0. List the prime factors of q - (3 + -2)*-4.
2, 7
Let a be (-2 - 11784)*(40/16 + -3). Suppose -7682 = -25*r + a. What are the prime factors of r?
3, 181
Let l(w) = 5*w**3 + 2*w**2 - 1. Let x be l(-1). Let y(r) = 9*r + 18. Let k(q) = -q + 4. Let f(z) = 4*k(z) - y(z). List the prime factors of f(x).
2, 5
Suppose 5 = -l - 25. Let t = l + 34. Suppose -g - 327 = -4*i, -2*i - t*g = 37 - 223. What are the prime factors of i?
83
Suppose -4*v + f + 31 = -0*f, 2*v - 11 = 5*f. Suppose v*h + 14782 = 27*h. List the prime factors of h.
2, 389
Suppose -9 = -3*r - 3*l, 9*l = 4*r + 5*l - 20. Let y be 1646/r + 2*(-5)/(-20). Suppose -4*a = u + 3*u - y, -4*a = u - 424. What are the prime factors of a?
107
Let h = 93 + -91. Let a be 2/(-10) + (-8)/(-40). Suppose -k + 157 = 2*w - 29, a = w + h*k - 96. List the prime factors of w.
2, 23
Suppose 3*c - 3999 = -0*c. Suppose -5*z - s = -c, 438 - 175 = z + 2*s. What are the prime factors of 1/4 - z/(-4)?
67
Suppose 0 = 8*n - 19 - 5. Suppose -n*p - 96 = -2*c - p, 3*p = 2*c - 96. Suppose -2*g = -c - 40. List the prime factors of g.
2, 11
Let s = 8845 - 8842. Let c = 6 + 0. Suppose 2*o = x - 2*x + 14, -s*o = -c. What are the prime factors of x?
2, 5
Let b be -1 + (-38)/(-14) + 34/119. Let d be (-7)/(-14) - (9/(-6) - b). Suppose 3*y - 20 = -2*j + d*y, -2*y = 4. List the prime factors of j.
3
What are the prime factors of (1 + -752)/((-612)/(-207) + 7 - 10)?
23, 751
Let s = 656 - 352. Suppose 5*i = -10, -s = -4*z - 2*i - 24. List the prime factors of 0/1 - (-14 - z).
5, 17
List the prime factors of 19 + 291/(-15) + 4 + 586251/15.
3, 43, 101
Let n(p) = -5*p + 74. Let f be n(15). What are the prime factors of (-37 + f)*(20 + -24)?
2, 19
Let v(a) = -a**3 - 11*a**2 - 6*a + 6. Let u be v(-4). Let k = u + 101. Let j = 15 + k. What are the prime factors of j?
2, 17
Let l(p) = -p**2 + 24*p - 126. Let c be l(17). What are the prime factors of (c - (-16 + 6)) + -1?
2
Suppose 0 = -g - 4*g + 25. What are the prime factors of g/5*(9 + 565)?
2, 7, 41
Suppose 2018*n + 15393 = 2025*n. List the prime factors of n.
3, 733
Let h(s) be the second derivative of 1/2*s**3 - 15*s + 1/20*s**5 - 3*s**2 - 1/6*s**4 + 0. List the prime factors of h(5).
2, 3, 7
Let h = 4442 + 2733. List the prime factors of h.
5, 7, 41
Suppose 6719 = 17*j - 7612. Suppose -6*s = -2409 - j. What are the prime factors of s?
2, 271
Let o(v) be the first derivative of -3*v**2/2 - 65*v - 22. Let k(c) = 2*c + 33. Let q(f) = -5*k(f) - 3*o(f). List the prime factors of q(-8).
2, 19
Suppose -4*w = 4*c - 3460, 2*c - 2*w - 137 = 1581. Suppose 20 = 7*p - c. What are the prime factors of p?
2, 3, 7
Let q(c) be the first derivative of 2*c**3 - 3*c**2/2 - 23*c - 19. List the prime factors of q(8).
337
Suppose 26146*u - 1282004 = 26129*u. List the prime factors of u.
2, 17, 1109
Suppose 126904 = 122*f - 1103432 - 283684. List the prime factors of f.
2, 5, 17, 73
Let i(v) = 792*v + 576. What are the prime factors of i(18)?
2, 3, 103
Suppose 4*h = 6*h - 6. Suppose -h*c - 2*m = -723 - 1386, 0 = 2*c + 2*m - 1406. List the prime factors of c.
19, 37
Let o(t) = 12 - 3*t - 2 - t**2 - 1 + 0*t**2. Let r be o(-4). Suppose 459 = r*f + 34. List the prime factors of f.
5, 17
Suppose -2*w = -5*o + 3*w + 160, 5*o + 3*w = 176. Suppose -31*k + o*k - 1521 = 0. What are the prime factors of k?
3, 13
Let m(s) = 303*s + 49. Let a(t) = -t**2 - 29*t - 117. Let n be a(-24). List the prime factors of m(n).
2, 479
Suppose 2*k + 5*s + 114 = 0, 2*k - 3*s - s + 96 = 0. Suppose -c + 3*c + a = -156, 3*c + 234 = 4*a. Let t = k - c. List the prime factors of t.
2, 13
Suppose 479727 - 80316 = 81*l. What are the prime factors of l?
4931
Let s(a) be the third derivative of a**6/40 - a**5/30 - 7*a**4/24 + 10*a**3/3 + 3*a**2 - 3. What are the prime factors of s(5)?
2, 5, 31
Let l = 30907 + -6654. What are the prime factors of l?
79, 307
Suppose -45784 = -16*l + 41128. What are the prime factors of l?
2, 7, 97
Let l(w) = -w**2 - 18*w - 46. Let g be l(-10). Suppose 1585 = 3*o + g. What are the prime factors of o?
11, 47
Let h be (-1)/(-1) + (-2 - (168 + -1)). Let b = 215 + h. What are the prime factors of b?
47
Suppose 34*x - 281863 = 9*x + 16362. What are the prime factors of x?
79, 151
List the prime factors of 30/40 - -1114*(-356)/(-32).
2, 6197
Let z(t) = 3*t - 28. Let j be z(10). Suppose -5*q - j*q = 1022. What are the prime factors of (-24)/(-6)*(-3)/8*q?
3, 73
Let f(i) = -30*i**2 - 2 - 1 - 2 + 96*i**2 + 59*i - 58*i. Let r be (-4)/(-6) + (-40)/15. What are the prime factors of f(r)?
257
What are the prime factors of (-30)/18 + (-4455019)/(-123)?
2, 7, 13, 199
Let q be 575 - 0*8/(-16). Suppose -5*w - 5*d = -q, -7*w = -4*w + d - 337. What are the prime factors of w?
3, 37
Suppose -6*n = -n - 2050. Let i = n + 434. Suppose w - i = -3*h, -7*w + 850 = 3*h - 9*w. List the prime factors of h.
2, 3, 47
Let h(r) = 9*r**2 + 103*r - 37. Let g be h(-23). Let u = -1510 + g. What are the prime factors of u?
5, 13
Let h = 29609 + -12891. What are the prime factors of h?
2, 13, 643
Let c(h) = 2*h**3 + 60*h**2 - 24*h - 65. Suppose -9*k - 181 = 89. List the prime factors of c(k).
5, 131
Let s(g) = 13*g**3 - 23*g**2 - 8*g - 6. Let c be s(4). Let l = c - -905. What are the prime factors of l?
11
Let c be 10112 + 8 + 5/(30/(-24)). Suppose 0 = -71*t + 77*t - c. List the prime factors of t.
2, 3, 281
Suppose 8*i = 4*i + 292. Let s = i - 19. Suppose 0 = -140*f + 142*f - s. What are the prime factors of f?
3
Let f = -109 - -139. Let s(j) = f*j + 24*j + 82 - 98. What are the prime factors of s(5)?
2, 127
Let x = -459 + 5768. List the prime factors of x.
5309
Let s = 42522 - 42286. What are the prime factors of s?
2, 59
Let a = 30 - 24. Suppose r + a*q - 44 = 2*q, -227 = -4*r + q. Let m = -34 + r. What are the prime factors of m?
2, 11
List the prime factors of ((-13)/3)/((-69)/(-1978)*5/(-270)).
2, 3, 13, 43
Let u = 18636 + -11816. List the prime factors of u.
2, 5, 11, 31
Suppose -20*m = -16*m - 1936. Let p = m - 112. List the prime factors of p.
2, 3, 31
Suppose 0 = -2*t - 21 + 75. What are the prime factors of 5 + t - (-1 + 0 - -2)?
31
Suppose -2*o + 5*p = -43057 - 14754, 3*o = 2*p + 86689. List the prime factors of o.
3, 9631
List the prime factors of (352/(-42) + (-14)/49)*(-73 + -5582).
2, 5, 13, 29
Suppose 3*h = -j - 35, 5*h = j - 1 - 4. Let v = -21 - j. What are the prime factors of 1 + 5 + 3 - (0 - v)?
2
Let i be (-2979)/(-54) - (-1)/(-6). Let d = i - 43. What are the prime factors of (-4)/d - (-247)/3?
2, 41
Let o = -12821 + 40353. What are the prime factors of o?
2, 6883
Let y = 6294 - 3766. What are the prime factors of y?
2, 79
Let t be 62/15 + 12/(-90) + 43. Let r = t + 97. Let k = r + -93. List the prime factors of k.
3, 17
Let v = 7081 - 3681. List the prime factors of v.
2, 5, 17
Suppose -160226 = 82*d + 86*d - 190*d. List the prime factors of d.
7283
Let y = 59 + -45. Suppose 0 = -3*v - 4*k - 10, 0*v = -v - 4*k - y. Suppose -110 = -v*c - 4*d, 5*c - 305 = -d - 3*d. What are the prime factors of c?
5, 13
Let p = -63 + 63. Suppose p*q - q + 4 = 0, 2*q - 1169 = -3*a. What are the prime factors of a?
3, 43
Let t(h) = -8*h + 10. Let j be t(4). Suppose -106 = -7*c + 237. Let v = c + j. What are the prime factors of v?
3
Let k = -138 + 1022. List the prime factors of k.
2, 13, 17
Let p(i) = 26*i + 16. What are the prime factors of p(50)?
2, 7, 47
Let u = 4 - -7. Let y(p) = p**3 - 12*p**2 + 11*p + 3. Let h be y(u). Suppose 6*v - 3*v - 99 = -q, 0 = -h*q - 5*v + 301. What are the prime factors of q?
2, 3, 17
Let a = 828 - 823. Suppose -a*o - 3*s = -2032, 1208 = 7*o - 4*o - s. List the prime factors of o.
2, 101
Let v(o) = 2*o**3 + 24*o**2 - 47*o - 21. List the prime factors of v(8).
3, 7, 103
Let n(s) = s**2 + 6*s - 2. Suppose 2*k - 3*a + 18 = -a, -4*k - 3*a - 15 = 0. Let q be n(k). What are the prime factors of q/(-3)*(62 - -10)?
2, 3
Let a(h) = 9*h**2 + 770*h - 65. List the prime factors of a(-108).
21751
Let z = -268 + 301. Suppose 0 = -z